se 0 = -116*i + 112*i + 1992. Suppose -4740 = 486*c - i*c. What is the units digit of c?
5
Suppose -24 = -d + 2*l, 4*d + 3*l = -l + 48. Let f be 12/d*12/3. Suppose -4*x - 4 = 0, -f*x = 6*s - s - 152. What is the units digit of s?
1
Let n = 31323 - 19786. What is the thousands digit of n?
1
Let p = 728 + -239. Suppose -5*v - 6*n = -3*n - p, -4*v + 404 = -4*n. What is the tens digit of v?
9
Let i = 53 + -56. Let t be 42/(i + 120/39). Suppose r + t = 7*r. What is the tens digit of r?
9
Suppose 20700 = 38*a - 4988. Let z = a - -887. What is the tens digit of z?
6
Let p be 6/2 - (-3 + (-8)/(-2)). Suppose -p*t - 275 = 9*t. What is the tens digit of 2 + (222/(-5))/(10/t)?
1
Suppose -4*b = -0*b - 12. Let t = 2021 + -1558. Suppose -b*m + t = 4*j, -m + 3*j - 2*j = -166. What is the hundreds digit of m?
1
Let p = 205 - 297. Let s = -486 + p. What is the tens digit of s/(-6) - (1 - 25/15)?
9
Suppose 10*m - 1249 = 2481. What is the units digit of m?
3
Let y = -58 + 103. What is the hundreds digit of ((-5)/(y/(-6)))/(3/666)?
1
Let s(a) = -a**3 - 18*a**2 + 19*a + 32. Let z be s(-19). Suppose -6*p = -10 - z. Suppose -2*d + 105 = 5*m, p*m - 4*m + 9 = 0. What is the units digit of d?
0
Let j(q) = q**3 - 4*q**2 + 11. Let v be j(3). Suppose 3*p - 383 = -v*i, -199 = -4*i - 2*p + 587. What is the hundreds digit of i?
1
Suppose 637*p + 62702 = 2*t + 639*p, 2*p + 62734 = 2*t. What is the units digit of t?
9
Suppose -5*d + 100 + 80 = 0. Let o = 66 - d. Suppose 36 = a + 4*n, -5*n + o + 4 = a. What is the units digit of a?
4
Let q = 11101 + -4293. What is the hundreds digit of q?
8
Let b(y) = 56*y**2 + 44*y + 856. What is the units digit of b(-25)?
6
Suppose -23 + 24 = f. Let x(j) = -36*j**2 - 4*j + 4. Let d(w) = -71*w**2 - 9*w + 9. Let r(a) = 6*d(a) - 14*x(a). What is the tens digit of r(f)?
7
Suppose 0 = -4*j + 3*f + 23, 3*f - 7 + 28 = 3*j. What is the units digit of (-172*9/72)/((-1)/j)?
3
Let y = 35366 - -404. What is the units digit of y?
0
Let p = -2344 - -6712. What is the hundreds digit of p?
3
Suppose 29*g - 33*g + 52 = 0. Suppose -5*u + g*u = -16. What is the units digit of (-4)/u - 7/(35/(-890))?
0
Suppose 0 = 3*p + s - 6141, -3*p = -4*p - 4*s + 2058. Suppose p = 4*n - n. What is the hundreds digit of n?
6
Suppose -4*h = 5*y - 323, -5*h + 2 = -4*h. Let n(q) = 2*q + 7. Let i be n(-7). What is the units digit of (-9)/i + (-18)/y?
1
Let a(k) = 17*k**3 - 6*k**2 + 8*k - 10. Let r(f) = 12*f**3 - 5*f**2 + 9*f - 8. Let h(g) = -3*a(g) + 4*r(g). What is the tens digit of h(-8)?
1
Let t = -3 + 23. Suppose 3*y - 4*q = -38, 4 = 4*q + t. What is the units digit of -6*52/y - (-32)/48?
8
Suppose 181575 = 4*c + c - 5*q, 0 = -5*c + 2*q + 181569. What is the tens digit of c?
1
Suppose -13*c = -10*c + 3*o - 123, -5*c = -3*o - 237. What is the units digit of 6*(-6)/45 + 68616/c?
4
Suppose f + 22*k - 25*k = 9999, 3*f - 3*k - 30021 = 0. What is the thousands digit of f?
0
Let x be 86/10 + 3/(-5). Suppose 5*h - x = i + 2, 0 = 5*h - 2*i - 5. What is the units digit of 50 - (5 - h/3)?
6
Let k(x) be the second derivative of 2*x**4 + 3*x**3/2 + 41*x**2/2 - 71*x. What is the units digit of k(-4)?
9
Suppose h - 108 = x - 290, -4*h = -5*x + 912. Suppose 9*f + 44 = 71. Suppose -2*n + f*n = x. What is the units digit of n?
4
Suppose -5*w - 9158 = -7*w - 3*g, 2*g - 9162 = -2*w. What is the tens digit of w?
8
Let m be 84 - (4/1 + 0). Let u(h) = 32*h**2 - 42*h - h**3 + m*h + 36 - 62*h. What is the tens digit of u(31)?
5
Let h(i) = -10*i + 1. Let j be h(-3). Let w = 27 - j. What is the tens digit of 0*w/(-16) - -73?
7
Let f(d) = -2*d**3 + 55*d**2 + 43*d - 142. What is the tens digit of f(23)?
0
Suppose -z = 4*c - 3, -13 = 3*z - c - 22. What is the units digit of (-106*(-8 - -10))/((-2)/z)?
8
Let t(l) = 19*l**3 + 23*l**2 - 6*l - 39. Let r(n) = -7*n**3 - 8*n**2 + n + 13. Let i(h) = -11*r(h) - 4*t(h). What is the units digit of i(7)?
1
Suppose -2*q + 29*c = 36*c - 6323, 4*q - 12607 = -c. What is the hundreds digit of q?
1
Suppose -132*k = -5*l - 135*k + 19214, 5*k - 3834 = -l. What is the tens digit of l?
4
Let f(q) = -q**2 - 9*q - 27. Let d be f(-3). What is the hundreds digit of (3*4/d)/((-4)/1941)?
6
Let d(g) = -25*g**3 + g - 3. Suppose 26 = -3*u + 17. Let j be d(u). Suppose 4*m - m = j. What is the tens digit of m?
2
Suppose -5*f = x - 105378 - 121306, -90680 = -2*f - 2*x. Let q be f/108 + -1 + 11/9. Suppose -19*t + 24*t - q = 0. What is the units digit of t?
4
Suppose 0 = -4*w + 2*x + 30600, 20*w - 5*x - 22943 = 17*w. What is the tens digit of w?
5
Let p = 72 - 24. Let t = -54 + p. What is the tens digit of ((-124)/t)/(-6*(-3)/54)?
6
Let u(y) = -6*y - 63. Let r be u(0). Let j be (-4)/6 - (-7)/(r/48). Let m(k) = -40*k - 44. What is the units digit of m(j)?
6
Let x(q) be the first derivative of -3*q**3 + 2*q**2 - 10*q - 1. Let o be x(5). What is the tens digit of o/(-3) + 7/(105/(-10))?
7
Let b(c) = 1388*c + 24. Let f be b(-2). What is the tens digit of (1 + f)/(-7) - 4?
8
Let v be (-2)/(-3) - 1334/(-6). Let q = v + -123. Let w = -74 + q. What is the tens digit of w?
2
Let m(i) = -4*i + 0*i**2 + 11*i - 3 + 2*i**2. Let v be 1/(3/77 + (-4)/22). What is the tens digit of m(v)?
4
Let f = -75373 - -145384. What is the units digit of f?
1
Suppose 0 = -4*j - 0*j - 316. Let w = j - -13. Let z = w + 213. What is the units digit of z?
7
Let r(g) be the third derivative of -g**4/8 + 71*g**3/6 - 14*g**2. Let i be r(23). Suppose -2*x + 5*j = 3, -2*x - 5*j + 37 = -i*j. What is the units digit of x?
1
Let k(l) = -l**3 - 17*l**2 - 17*l - 10. Let r be k(-16). Suppose 65 = x - r*x - 5*h, h + 5 = 0. Let t = x + 54. What is the tens digit of t?
4
Suppose 4*d - 12*a - 174268 = 0, 66*d - 70*d + 174236 = -4*a. What is the ten thousands digit of d?
4
Suppose 3*t + 105 = 3*h, -105 = 7*h - 10*h - 5*t. Let y = 0 + 23. Suppose h = y*o - 18*o. What is the units digit of o?
7
Suppose -7*f + 6410 = -2347. Let d = f + 186. What is the units digit of d?
7
Suppose -t - 43620 = -5*a, 3*t - 26423 - 17217 = -5*a. What is the hundreds digit of a?
7
Let b(l) = 36*l**3 + l**2 - l + 1. Let j be b(1). Suppose 5*v = n + 66, -3*v - 3*n + j - 1 = 0. Suppose 6*s - 23 = v. What is the units digit of s?
6
Let w(o) = 2*o + 162. Let h(d) = 2*d - 35. Let b be h(15). Let p(t) = -t**3 - 6*t**2 - 7*t - 10. Let v be p(b). What is the units digit of w(v)?
2
Let r be 4 + -1 + (2 - (6 - -1)). What is the hundreds digit of (16 - 7 - 10)/(r/1766)?
8
Let y(d) = 11431*d + 161. What is the hundreds digit of y(6)?
7
Suppose 0 = -66*x + 84703 + 282323. What is the units digit of x?
1
Suppose -8 = -10*l + 42. Suppose 4*b = 4*k + 1141 - 117, l*b = -4*k + 1262. What is the units digit of b?
4
Suppose 49*h - 18*h = 159278. What is the tens digit of h?
3
Let t(v) = 45*v**2 - 16*v - 71. Let y be t(-5). Suppose y = 8*z - 6*z. What is the units digit of z?
7
Let l(b) = -3*b + 29. Let g be l(8). Suppose -d + 1282 = d + 4*a, 3*a = -g*d + 3205. What is the units digit of d?
1
Let z = -37016 - -86456. What is the tens digit of z?
4
Suppose 15 = 23*i - 20*i. What is the hundreds digit of (-7)/2*(i + (-3515)/35)?
3
Let d be (-1 + -8)*155/15 - -2. What is the tens digit of 128/(-7 - 651/d)?
3
Let g = 126 - 120. Let u(r) = -6*r + 38. Let n be u(g). Suppose n*q - o = -0*o + 66, 3*o + 33 = q. What is the units digit of q?
3
Suppose y = 51 - 29. Suppose y*t - 31944 = -11*t. What is the tens digit of t?
6
Suppose 140*y - 59840 = 106*y. What is the hundreds digit of y?
7
Let c(u) = 5*u**2 - 36*u - 529. What is the tens digit of c(48)?
6
Let g(k) = 8*k - 939. Let q be g(0). Let n = -542 - q. What is the hundreds digit of n?
3
What is the thousands digit of (-2)/(-3) + 2721100/75?
6
Let m be ((-6)/(-2) + 4345/(-10))*-2. Suppose -j - 54 = -m. What is the tens digit of j?
0
Let r = 157 - 74. Suppose -r*o = -79*o - 3876. What is the tens digit of o?
6
Let y = -64 + 36. Let w = 522 - 475. Let v = y + w. What is the units digit of v?
9
Let t(u) = 996*u - 72. Let o be t(6). Suppose 0 = -19*s + 7*s + o. What is the hundreds digit of s?
4
What is the tens digit of -56*16/(-56) - -12019?
3
Let d = -227 + 391. Suppose -5*x + 5 + 45 = 0. Suppose 2*u + 4*l - 352 = 0, -5*l = -u - x*l + d. What is the units digit of u?
4
Suppose 3*g + 9 = 0, -26 = -4*j + 2*j - 2*g. Suppose -1911 = 9*i - j*i